{"id":1654,"date":"2022-08-26T08:31:02","date_gmt":"2022-08-26T06:31:02","guid":{"rendered":"https:\/\/happypotame.com\/?post_type=product&#038;p=1654"},"modified":"2026-04-04T15:38:40","modified_gmt":"2026-04-04T13:38:40","slug":"carte-je-te-kiffe-kiffe-bourricot","status":"publish","type":"product","link":"http:\/\/happypotame.com\/index.php\/produit\/carte-je-te-kiffe-kiffe-bourricot\/","title":{"rendered":"Carte \u00ab\u00a0Je te kiffe kiffe bourricot\u00a0\u00bb"},"content":{"rendered":"<p class=\"p1\">Cette carte postale est imprim\u00e9e sur un papier de cr\u00e9ation 300g par Clo\u00eetre Imprimeurs, en Bretagne, \u00e0 St-Thonan plus exactement.<br \/>\nVous pouvez compl\u00e9ter votre achat avec une enveloppe kraft (onglet \u00ab\u00a0autres produits\u00a0\u00bb du menu de notre site).<\/p>\n<p class=\"p1\">Gr\u00e2ce \u00e0 son humour d\u00e9cal\u00e9 et au message affectueux, elle est parfaite pour exprimer vos sentiments avec une touche de fun et d&rsquo;originalit\u00e9. Que ce soit pour envoyer un clin d&rsquo;\u0153il \u00e0 un ami proche, \u00e0 votre moiti\u00e9 ou \u00e0 un membre de votre famille, cette carte saura certainement faire sourire et r\u00e9chauffer le c\u0153ur de son destinataire. L&rsquo;expression \u00ab Je te kiffe kiffe bourricot \u00bb est un m\u00e9lange de tendresse et de l\u00e9g\u00e8ret\u00e9, id\u00e9al pour montrer \u00e0 quelqu&rsquo;un \u00e0 quel point vous l&rsquo;appr\u00e9ciez, tout en ajoutant une touche d&rsquo;humour \u00e0 votre message.\u00a0\u00c0 offrir, envoyer, encadrer, \u00e9pingler, aimanter, scotcher\u2026 sans mod\u00e9ration, et dans toutes les pi\u00e8ces de la maison !<\/p>\n<p class=\"p1\">Explorez notre collection color\u00e9e de cartes postales illustr\u00e9es o\u00f9 les teintes vives se marient aux jeux de mots pour cr\u00e9er des compositions graphiques uniques et originales. Des \u00ab\u00a0ratons loveurs\u00a0\u00bb aux \u00ab\u00a0crazy biches\u00a0\u00bb, en passant par des \u00ab\u00a0fleurs succulentes \u00bb, plongez dans notre monde enchant\u00e9 de faune ou de flore o\u00f9 vous trouverez toutes sortes d\u2019animaux et de v\u00e9g\u00e9taux, tous illustr\u00e9s \u00e0 la main. Vous souhaitez transmettre vos pens\u00e9es ou d\u00e9corer votre int\u00e9rieur avec originalit\u00e9 ? Les cartes Happypotame sont id\u00e9ales font toujours plaisir aux personnes qui les re\u00e7oivent. Elles sont id\u00e9ales pour exprimer des v\u0153ux d&rsquo;anniversaire \u00e0 un amoureux de la faune ou pour partager des nouvelles r\u00e9jouissantes avec une touche d&rsquo;humour animalier.<\/p>\n","protected":false},"excerpt":{"rendered":"<p class=\"p1\">Gr\u00e2ce \u00e0 son humour d\u00e9cal\u00e9 et au message affectueux, cette carte est parfaite pour exprimer vos sentiments avec une touche de fun et d&rsquo;originalit\u00e9 ! \u00c0 offrir, envoyer, encadrer, \u00e9pingler, aimanter, scotcher\u2026 !<\/p>\n<p class=\"p1\">Carte format 10&#215;15 cm.<br \/>\nCr\u00e9\u00e9e et imprim\u00e9e en France. Pure beurre Bzh !<br \/>\nVous pouvez compl\u00e9ter votre achat avec notre enveloppe kraft.<\/p>\n","protected":false},"featured_media":1830,"template":"","meta":[],"product_brand":[],"product_cat":[129,110,132],"product_tag":[],"class_list":{"0":"post-1654","1":"product","2":"type-product","3":"status-publish","4":"has-post-thumbnail","6":"product_cat-amitie-amour","7":"product_cat-cartes-postales","8":"product_cat-expressions","10":"first","11":"instock","12":"shipping-taxable","13":"purchasable","14":"product-type-simple"},"yoast_head":"<!-- This site is optimized with the Yoast SEO plugin v27.5 - https:\/\/yoast.com\/product\/yoast-seo-wordpress\/ -->\n<title>Carte &quot;Je te kiffe kiffe bourricot&quot; - Happypotame<\/title>\n<meta name=\"description\" content=\"Gr\u00e2ce \u00e0 son humour d\u00e9cal\u00e9, &quot;je te kiffe kiffe bourricot&quot; est la carte id\u00e9ale pour exprimer vos sentiments avec une touche d&#039;originalit\u00e9.\" \/>\n<meta name=\"robots\" content=\"index, follow, max-snippet:-1, max-image-preview:large, max-video-preview:-1\" \/>\n<link rel=\"canonical\" href=\"https:\/\/happypotame.com\/index.php\/produit\/carte-je-te-kiffe-kiffe-bourricot\/\" \/>\n<meta property=\"og:locale\" content=\"fr_FR\" \/>\n<meta property=\"og:type\" content=\"article\" \/>\n<meta property=\"og:title\" content=\"Carte &quot;Je te kiffe kiffe bourricot&quot; - Happypotame\" \/>\n<meta property=\"og:description\" content=\"Gr\u00e2ce \u00e0 son humour d\u00e9cal\u00e9, &quot;je te kiffe kiffe bourricot&quot; est la carte id\u00e9ale pour exprimer vos sentiments avec une touche d&#039;originalit\u00e9.\" \/>\n<meta property=\"og:url\" content=\"https:\/\/happypotame.com\/index.php\/produit\/carte-je-te-kiffe-kiffe-bourricot\/\" \/>\n<meta property=\"og:site_name\" content=\"Happypotame\" \/>\n<meta property=\"article:modified_time\" content=\"2026-04-04T13:38:40+00:00\" \/>\n<meta property=\"og:image\" content=\"https:\/\/happypotame.com\/wp-content\/uploads\/2022\/08\/Carte_postale_situation5.png\" \/>\n\t<meta property=\"og:image:width\" content=\"2480\" \/>\n\t<meta property=\"og:image:height\" content=\"3508\" \/>\n\t<meta property=\"og:image:type\" content=\"image\/png\" \/>\n<meta name=\"twitter:card\" content=\"summary_large_image\" \/>\n<meta name=\"twitter:label1\" content=\"Dur\u00e9e de lecture estim\u00e9e\" \/>\n\t<meta name=\"twitter:data1\" content=\"2 minutes\" \/>\n<script type=\"application\/ld+json\" class=\"yoast-schema-graph\">{\"@context\":\"https:\\\/\\\/schema.org\",\"@graph\":[{\"@type\":\"WebPage\",\"@id\":\"https:\\\/\\\/happypotame.com\\\/index.php\\\/produit\\\/carte-je-te-kiffe-kiffe-bourricot\\\/\",\"url\":\"https:\\\/\\\/happypotame.com\\\/index.php\\\/produit\\\/carte-je-te-kiffe-kiffe-bourricot\\\/\",\"name\":\"Carte \\\"Je te kiffe kiffe bourricot\\\" - Happypotame\",\"isPartOf\":{\"@id\":\"https:\\\/\\\/happypotame.com\\\/#website\"},\"primaryImageOfPage\":{\"@id\":\"https:\\\/\\\/happypotame.com\\\/index.php\\\/produit\\\/carte-je-te-kiffe-kiffe-bourricot\\\/#primaryimage\"},\"image\":{\"@id\":\"https:\\\/\\\/happypotame.com\\\/index.php\\\/produit\\\/carte-je-te-kiffe-kiffe-bourricot\\\/#primaryimage\"},\"thumbnailUrl\":\"http:\\\/\\\/happypotame.com\\\/wp-content\\\/uploads\\\/2022\\\/08\\\/Carte_postale_situation5.png\",\"datePublished\":\"2022-08-26T06:31:02+00:00\",\"dateModified\":\"2026-04-04T13:38:40+00:00\",\"description\":\"Gr\u00e2ce \u00e0 son humour d\u00e9cal\u00e9, \\\"je te kiffe kiffe bourricot\\\" est la carte id\u00e9ale pour exprimer vos sentiments avec une touche d'originalit\u00e9.\",\"breadcrumb\":{\"@id\":\"https:\\\/\\\/happypotame.com\\\/index.php\\\/produit\\\/carte-je-te-kiffe-kiffe-bourricot\\\/#breadcrumb\"},\"inLanguage\":\"fr-FR\",\"potentialAction\":[{\"@type\":\"ReadAction\",\"target\":[\"https:\\\/\\\/happypotame.com\\\/index.php\\\/produit\\\/carte-je-te-kiffe-kiffe-bourricot\\\/\"]}]},{\"@type\":\"ImageObject\",\"inLanguage\":\"fr-FR\",\"@id\":\"https:\\\/\\\/happypotame.com\\\/index.php\\\/produit\\\/carte-je-te-kiffe-kiffe-bourricot\\\/#primaryimage\",\"url\":\"http:\\\/\\\/happypotame.com\\\/wp-content\\\/uploads\\\/2022\\\/08\\\/Carte_postale_situation5.png\",\"contentUrl\":\"http:\\\/\\\/happypotame.com\\\/wp-content\\\/uploads\\\/2022\\\/08\\\/Carte_postale_situation5.png\",\"width\":2480,\"height\":3508,\"caption\":\"Carte postale pour son amoureux\"},{\"@type\":\"BreadcrumbList\",\"@id\":\"https:\\\/\\\/happypotame.com\\\/index.php\\\/produit\\\/carte-je-te-kiffe-kiffe-bourricot\\\/#breadcrumb\",\"itemListElement\":[{\"@type\":\"ListItem\",\"position\":1,\"name\":\"Accueil\",\"item\":\"https:\\\/\\\/happypotame.com\\\/\"},{\"@type\":\"ListItem\",\"position\":2,\"name\":\"Boutique\",\"item\":\"http:\\\/\\\/happypotame.com\\\/index.php\\\/boutique\\\/\"},{\"@type\":\"ListItem\",\"position\":3,\"name\":\"Carte \u00ab\u00a0Je te kiffe kiffe bourricot\u00a0\u00bb\"}]},{\"@type\":\"WebSite\",\"@id\":\"https:\\\/\\\/happypotame.com\\\/#website\",\"url\":\"https:\\\/\\\/happypotame.com\\\/\",\"name\":\"Happypotame\",\"description\":\"\",\"publisher\":{\"@id\":\"https:\\\/\\\/happypotame.com\\\/#organization\"},\"potentialAction\":[{\"@type\":\"SearchAction\",\"target\":{\"@type\":\"EntryPoint\",\"urlTemplate\":\"https:\\\/\\\/happypotame.com\\\/?s={search_term_string}\"},\"query-input\":{\"@type\":\"PropertyValueSpecification\",\"valueRequired\":true,\"valueName\":\"search_term_string\"}}],\"inLanguage\":\"fr-FR\"},{\"@type\":\"Organization\",\"@id\":\"https:\\\/\\\/happypotame.com\\\/#organization\",\"name\":\"Happypotame\",\"url\":\"https:\\\/\\\/happypotame.com\\\/\",\"logo\":{\"@type\":\"ImageObject\",\"inLanguage\":\"fr-FR\",\"@id\":\"https:\\\/\\\/happypotame.com\\\/#\\\/schema\\\/logo\\\/image\\\/\",\"url\":\"http:\\\/\\\/happypotame.com\\\/wp-content\\\/uploads\\\/2022\\\/03\\\/cropped-Logo_Happypotame_vertical.png\",\"contentUrl\":\"http:\\\/\\\/happypotame.com\\\/wp-content\\\/uploads\\\/2022\\\/03\\\/cropped-Logo_Happypotame_vertical.png\",\"width\":4538,\"height\":945,\"caption\":\"Happypotame\"},\"image\":{\"@id\":\"https:\\\/\\\/happypotame.com\\\/#\\\/schema\\\/logo\\\/image\\\/\"},\"sameAs\":[\"https:\\\/\\\/www.instagram.com\\\/happypotame\\\/?hl=fr\"]}]}<\/script>\n<!-- \/ Yoast SEO plugin. -->","yoast_head_json":{"title":"Carte \"Je te kiffe kiffe bourricot\" - Happypotame","description":"Gr\u00e2ce \u00e0 son humour d\u00e9cal\u00e9, \"je te kiffe kiffe bourricot\" est la carte id\u00e9ale pour exprimer vos sentiments avec une touche d'originalit\u00e9.","robots":{"index":"index","follow":"follow","max-snippet":"max-snippet:-1","max-image-preview":"max-image-preview:large","max-video-preview":"max-video-preview:-1"},"canonical":"https:\/\/happypotame.com\/index.php\/produit\/carte-je-te-kiffe-kiffe-bourricot\/","og_locale":"fr_FR","og_type":"article","og_title":"Carte \"Je te kiffe kiffe bourricot\" - Happypotame","og_description":"Gr\u00e2ce \u00e0 son humour d\u00e9cal\u00e9, \"je te kiffe kiffe bourricot\" est la carte id\u00e9ale pour exprimer vos sentiments avec une touche d'originalit\u00e9.","og_url":"https:\/\/happypotame.com\/index.php\/produit\/carte-je-te-kiffe-kiffe-bourricot\/","og_site_name":"Happypotame","article_modified_time":"2026-04-04T13:38:40+00:00","og_image":[{"width":2480,"height":3508,"url":"https:\/\/happypotame.com\/wp-content\/uploads\/2022\/08\/Carte_postale_situation5.png","type":"image\/png"}],"twitter_card":"summary_large_image","twitter_misc":{"Dur\u00e9e de lecture estim\u00e9e":"2 minutes"},"schema":{"@context":"https:\/\/schema.org","@graph":[{"@type":"WebPage","@id":"https:\/\/happypotame.com\/index.php\/produit\/carte-je-te-kiffe-kiffe-bourricot\/","url":"https:\/\/happypotame.com\/index.php\/produit\/carte-je-te-kiffe-kiffe-bourricot\/","name":"Carte \"Je te kiffe kiffe bourricot\" - Happypotame","isPartOf":{"@id":"https:\/\/happypotame.com\/#website"},"primaryImageOfPage":{"@id":"https:\/\/happypotame.com\/index.php\/produit\/carte-je-te-kiffe-kiffe-bourricot\/#primaryimage"},"image":{"@id":"https:\/\/happypotame.com\/index.php\/produit\/carte-je-te-kiffe-kiffe-bourricot\/#primaryimage"},"thumbnailUrl":"http:\/\/happypotame.com\/wp-content\/uploads\/2022\/08\/Carte_postale_situation5.png","datePublished":"2022-08-26T06:31:02+00:00","dateModified":"2026-04-04T13:38:40+00:00","description":"Gr\u00e2ce \u00e0 son humour d\u00e9cal\u00e9, \"je te kiffe kiffe bourricot\" est la carte id\u00e9ale pour exprimer vos sentiments avec une touche d'originalit\u00e9.","breadcrumb":{"@id":"https:\/\/happypotame.com\/index.php\/produit\/carte-je-te-kiffe-kiffe-bourricot\/#breadcrumb"},"inLanguage":"fr-FR","potentialAction":[{"@type":"ReadAction","target":["https:\/\/happypotame.com\/index.php\/produit\/carte-je-te-kiffe-kiffe-bourricot\/"]}]},{"@type":"ImageObject","inLanguage":"fr-FR","@id":"https:\/\/happypotame.com\/index.php\/produit\/carte-je-te-kiffe-kiffe-bourricot\/#primaryimage","url":"http:\/\/happypotame.com\/wp-content\/uploads\/2022\/08\/Carte_postale_situation5.png","contentUrl":"http:\/\/happypotame.com\/wp-content\/uploads\/2022\/08\/Carte_postale_situation5.png","width":2480,"height":3508,"caption":"Carte postale pour son amoureux"},{"@type":"BreadcrumbList","@id":"https:\/\/happypotame.com\/index.php\/produit\/carte-je-te-kiffe-kiffe-bourricot\/#breadcrumb","itemListElement":[{"@type":"ListItem","position":1,"name":"Accueil","item":"https:\/\/happypotame.com\/"},{"@type":"ListItem","position":2,"name":"Boutique","item":"http:\/\/happypotame.com\/index.php\/boutique\/"},{"@type":"ListItem","position":3,"name":"Carte \u00ab\u00a0Je te kiffe kiffe bourricot\u00a0\u00bb"}]},{"@type":"WebSite","@id":"https:\/\/happypotame.com\/#website","url":"https:\/\/happypotame.com\/","name":"Happypotame","description":"","publisher":{"@id":"https:\/\/happypotame.com\/#organization"},"potentialAction":[{"@type":"SearchAction","target":{"@type":"EntryPoint","urlTemplate":"https:\/\/happypotame.com\/?s={search_term_string}"},"query-input":{"@type":"PropertyValueSpecification","valueRequired":true,"valueName":"search_term_string"}}],"inLanguage":"fr-FR"},{"@type":"Organization","@id":"https:\/\/happypotame.com\/#organization","name":"Happypotame","url":"https:\/\/happypotame.com\/","logo":{"@type":"ImageObject","inLanguage":"fr-FR","@id":"https:\/\/happypotame.com\/#\/schema\/logo\/image\/","url":"http:\/\/happypotame.com\/wp-content\/uploads\/2022\/03\/cropped-Logo_Happypotame_vertical.png","contentUrl":"http:\/\/happypotame.com\/wp-content\/uploads\/2022\/03\/cropped-Logo_Happypotame_vertical.png","width":4538,"height":945,"caption":"Happypotame"},"image":{"@id":"https:\/\/happypotame.com\/#\/schema\/logo\/image\/"},"sameAs":["https:\/\/www.instagram.com\/happypotame\/?hl=fr"]}]}},"_links":{"self":[{"href":"http:\/\/happypotame.com\/index.php\/wp-json\/wp\/v2\/product\/1654","targetHints":{"allow":["GET"]}}],"collection":[{"href":"http:\/\/happypotame.com\/index.php\/wp-json\/wp\/v2\/product"}],"about":[{"href":"http:\/\/happypotame.com\/index.php\/wp-json\/wp\/v2\/types\/product"}],"wp:featuredmedia":[{"embeddable":true,"href":"http:\/\/happypotame.com\/index.php\/wp-json\/wp\/v2\/media\/1830"}],"wp:attachment":[{"href":"http:\/\/happypotame.com\/index.php\/wp-json\/wp\/v2\/media?parent=1654"}],"wp:term":[{"taxonomy":"product_brand","embeddable":true,"href":"http:\/\/happypotame.com\/index.php\/wp-json\/wp\/v2\/product_brand?post=1654"},{"taxonomy":"product_cat","embeddable":true,"href":"http:\/\/happypotame.com\/index.php\/wp-json\/wp\/v2\/product_cat?post=1654"},{"taxonomy":"product_tag","embeddable":true,"href":"http:\/\/happypotame.com\/index.php\/wp-json\/wp\/v2\/product_tag?post=1654"}],"curies":[{"name":"wp","href":"https:\/\/api.w.org\/{rel}","templated":true}]}}