{"id":2089,"date":"2022-10-22T17:20:59","date_gmt":"2022-10-22T15:20:59","guid":{"rendered":"https:\/\/happypotame.com\/?post_type=product&#038;p=2089"},"modified":"2024-02-05T10:44:39","modified_gmt":"2024-02-05T09:44:39","slug":"abecedaire-personnalise","status":"publish","type":"product","link":"https:\/\/happypotame.com\/index.php\/produit\/abecedaire-personnalise\/","title":{"rendered":"Ab\u00e9c\u00e9daire personnalis\u00e9"},"content":{"rendered":"<h2 class=\"p1\"><b>Description<\/b><\/h2>\n<p><span style=\"font-weight: 400;\">Faites le plein d\u2019animaux \u201calphab\u00e9tiques\u201d : des alpagas affables aux z\u00e8bres z\u00e9br\u00e9s, en passant par les \u00e9l\u00e9phants \u00e9l\u00e9gants et les lapins loufoques. Chaque lettre r\u00e9v\u00e8le un nouvel ami animalier qui enchante l&rsquo;imagination de votre enfant.<\/span><\/p>\n<p><span style=\"font-weight: 400;\">Laissez l&rsquo;alphabet animalier \u00e9veiller la curiosit\u00e9 et l&rsquo;apprentissage de votre enfant, tout en apportant une touche d&rsquo;originalit\u00e9 personnalis\u00e9e \u00e0 sa chambre. Cette ab\u00e9c\u00e9daire est con\u00e7u avec des illustrations d\u00e9taill\u00e9es et fid\u00e8les \u00e0 la r\u00e9alit\u00e9, qui capturent l&rsquo;essence de chaque animal, offrant ainsi une exp\u00e9rience visuelle enrichissante<\/span><\/p>\n<h4 class=\"p4\"><b>Personnalisation de l&rsquo;affiche ab\u00e9c\u00e9daire : votre enfant en t\u00eate d&rsquo;affiche !<\/b><\/h4>\n<p class=\"p2\">La personnalisation est la cl\u00e9 pour rendre chaque ab\u00e9c\u00e9daire sp\u00e9cial. Nous faisons en sorte que votre enfant se sente comme la star de cette aventure animale : son pr\u00e9nom en haut de l&rsquo;affiche, \u00e0 c\u00f4t\u00e9 de tous ces animaux, comme si chaque animal de l&rsquo;ab\u00e9c\u00e9daire \u00e9tait sp\u00e9cialement choisi pour lui !<\/p>\n<p class=\"p2\">Voici quelques-unes des possibilit\u00e9s de personnalisation que nous offrons :<\/p>\n<ul class=\"ul1\">\n<li class=\"li2\">Couleur : vous pouvez choisir parmi une douce palette de 5 couleurs pour le pr\u00e9nom. De la teinte \u00e9clatante du flamant rose fringant au doux vert du cam\u00e9l\u00e9on, laissez libre cours \u00e0 vos envies color\u00e9es pour \u00e9merveiller les yeux de votre petit explorateur.<\/li>\n<li class=\"li2\">Pr\u00e9nom : \u00e9crivez le ou les pr\u00e9nom(s) de votre choix pour rendre cet ab\u00e9c\u00e9daire encore plus attractif et personnalis\u00e9. Exemples : L\u2019ab\u00e9c\u00e9daire de Jeanne et Victor ; L\u2019ab\u00e9c\u00e9daire de Z\u00e9lie ; L\u2019ab\u00e9c\u00e9daire de ma ma\u00eetresse ; L\u2019ab\u00e9c\u00e9daire de Madame Jean\u2026<\/li>\n<li class=\"li2\">Animaux : De l&rsquo;alpaga au z\u00e8bre, nos animaux ont \u00e9t\u00e9 soigneusement s\u00e9lectionn\u00e9s et dessin\u00e9s de sorte de composer une affiche harmonieuse, mais il est tout a fait possible de changer les animaux si vous avez des pr\u00e9f\u00e9rences.<\/li>\n<\/ul>\n<h4 class=\"p2\"><b>Nos animaux : un d\u00e9fil\u00e9 de b\u00eates\u2026 pas b\u00eates du tout !<\/b><\/h4>\n<p class=\"p2\">Voici l\u2019aper\u00e7u de des futurs compagnons de votre enfant :<\/p>\n<ul class=\"ul1\">\n<li class=\"li2\">Alpaga<\/li>\n<li class=\"li2\">Baleine<\/li>\n<li class=\"li2\">Chouette<\/li>\n<li class=\"li2\">Daim<\/li>\n<li class=\"li2\">\u00c9l\u00e9phant<\/li>\n<li class=\"li2\">Flamant rose<\/li>\n<li class=\"li2\">Girafe<\/li>\n<li class=\"li2\">H\u00e9risson<\/li>\n<li class=\"li2\">Ins\u00e9parables<\/li>\n<li class=\"li2\">Jaguar<\/li>\n<li class=\"li2\">Koala<\/li>\n<li class=\"li2\">Lapin<\/li>\n<li class=\"li2\">Mouton<\/li>\n<li class=\"li2\">Nandou<\/li>\n<li class=\"li2\">Orque<\/li>\n<li class=\"li2\">Panda<\/li>\n<li class=\"li2\">Qu\u00e9l\u00e9a<\/li>\n<li class=\"li2\">Renard<\/li>\n<li class=\"li2\">Suricate<\/li>\n<li class=\"li2\">Tortue<\/li>\n<li class=\"li2\">Unau<\/li>\n<li class=\"li2\">Vautour<\/li>\n<li class=\"li2\">Wapiti<\/li>\n<li class=\"li2\">X\u00e9rus<\/li>\n<li class=\"li2\">Yack<\/li>\n<li class=\"li2\">Z\u00e8bre<\/li>\n<\/ul>\n<p class=\"p2\">Ces animaux captivants et vari\u00e9s animeront l&rsquo;apprentissage de votre enfant \u00e0 travers notre ab\u00e9c\u00e9daire d&rsquo;une mani\u00e8re ludique et divertissante !<\/p>\n<h4 class=\"p4\"><b>Utilisation de notre affiche ab\u00e9c\u00e9daire personnalis\u00e9e<\/b><\/h4>\n<p class=\"p2\">Voici quelques id\u00e9es de la fa\u00e7on dont votre enfant peut profiter de son ab\u00e9c\u00e9daire personnalis\u00e9 :<\/p>\n<ol class=\"ol1\">\n<li class=\"li2\">Accrochez-le dans sa chambre ou salle de jeu : l\u2019affiche sera non seulement une d\u00e9coration color\u00e9e, mais aussi un outil amusant pour l&rsquo;apprentissage quotidien de l&rsquo;alphabet.<\/li>\n<li class=\"li2\">Profitez de moments complices avec l\u2019enfant : explorez ensemble les lettres et les animaux, tout en lui apprenant de nouveaux mots et en stimulant son imagination.<\/li>\n<li class=\"li2\">Offrez un cadeau sp\u00e9cial : l\u2019ab\u00e9c\u00e9daire personnalis\u00e9 est l\u2019attention id\u00e9ale pour une naissance, un anniversaire ou toute autre occasion sp\u00e9ciale. C&rsquo;est un pr\u00e9sent unique qui restera un souvenir pr\u00e9cieux pour les ann\u00e9es \u00e0 venir.<\/li>\n<\/ol>\n<h4 class=\"p4\"><b>Informations techniques<\/b><\/h4>\n<ul class=\"ul1\">\n<li class=\"li2\">Cr\u00e9\u00e9 et imprim\u00e9 en France sur format A3 (29,7\u00d742 cm), papier blanc 250g.<\/li>\n<li class=\"li2\">Envoy\u00e9 dans un tube triangulaire, avec ou sans porte-affiche.<\/li>\n<li class=\"li2\">Livraison sous 1 \u00e0 2 semaines.<\/li>\n<\/ul>\n","protected":false},"excerpt":{"rendered":"<p>Une affiche <strong>ab\u00e9c\u00e9daire personnalis\u00e9e<\/strong>, o\u00f9 l&rsquo;alphabet prend vie gr\u00e2ce \u00e0 de chouettes <strong>animaux.<\/strong> Chaque animal est soigneusement dessin\u00e9 \u00e0 la main. Plongez dans l&rsquo;aventure Happypotame et offrez \u00e0 votre enfant un <strong>outil d&rsquo;apprentissage<\/strong> <strong>ludique et original<\/strong>. Personnalisez l&rsquo;affiche avec son pr\u00e9nom et choisissez parmi une palette de couleurs douces, pour cr\u00e9er un <strong>ab\u00e9c\u00e9daire unique<\/strong> qui fera briller les yeux de votre <strong>petit explorateur<\/strong>.<\/p>\n","protected":false},"featured_media":2091,"template":"","meta":[],"product_brand":[],"product_cat":[123],"product_tag":[],"class_list":{"0":"post-2089","1":"product","2":"type-product","3":"status-publish","4":"has-post-thumbnail","6":"product_cat-affiches-personnalisees","8":"first","9":"instock","10":"shipping-taxable","11":"purchasable","12":"product-type-variable"},"yoast_head":"<!-- This site is optimized with the Yoast SEO plugin v27.4 - https:\/\/yoast.com\/product\/yoast-seo-wordpress\/ -->\n<title>Affiche Ab\u00e9c\u00e9daire Personnalis\u00e9e - Happypotame<\/title>\n<meta name=\"description\" content=\"Une affiche ab\u00e9c\u00e9daire personnalis\u00e9 avec le pr\u00e9nom de votre enfant pour lui apprendre les animaux de la for\u00eat, de la savane, de la jungle, de l&#039;oc\u00e9an\u2026\" \/>\n<meta name=\"robots\" content=\"index, follow, max-snippet:-1, max-image-preview:large, max-video-preview:-1\" \/>\n<link rel=\"canonical\" href=\"https:\/\/happypotame.com\/index.php\/produit\/abecedaire-personnalise\/\" \/>\n<meta property=\"og:locale\" content=\"fr_FR\" \/>\n<meta property=\"og:type\" content=\"article\" \/>\n<meta property=\"og:title\" content=\"Affiche Ab\u00e9c\u00e9daire Personnalis\u00e9e - Happypotame\" \/>\n<meta property=\"og:description\" content=\"Une affiche ab\u00e9c\u00e9daire personnalis\u00e9 avec le pr\u00e9nom de votre enfant pour lui apprendre les animaux de la for\u00eat, de la savane, de la jungle, de l&#039;oc\u00e9an\u2026\" \/>\n<meta property=\"og:url\" content=\"https:\/\/happypotame.com\/index.php\/produit\/abecedaire-personnalise\/\" \/>\n<meta property=\"og:site_name\" content=\"Happypotame\" \/>\n<meta property=\"article:modified_time\" content=\"2024-02-05T09:44:39+00:00\" \/>\n<meta property=\"og:image\" content=\"https:\/\/happypotame.com\/wp-content\/uploads\/2022\/10\/Abecedaire_Happypotame_personnalisable_A3-724x1024.png\" \/>\n\t<meta property=\"og:image:width\" content=\"724\" \/>\n\t<meta property=\"og:image:height\" content=\"1024\" \/>\n\t<meta property=\"og:image:type\" content=\"image\/png\" \/>\n<meta name=\"twitter:card\" content=\"summary_large_image\" \/>\n<meta name=\"twitter:label1\" content=\"Dur\u00e9e de lecture estim\u00e9e\" \/>\n\t<meta name=\"twitter:data1\" content=\"3 minutes\" \/>\n<script type=\"application\/ld+json\" class=\"yoast-schema-graph\">{\"@context\":\"https:\\\/\\\/schema.org\",\"@graph\":[{\"@type\":\"WebPage\",\"@id\":\"https:\\\/\\\/happypotame.com\\\/index.php\\\/produit\\\/abecedaire-personnalise\\\/\",\"url\":\"https:\\\/\\\/happypotame.com\\\/index.php\\\/produit\\\/abecedaire-personnalise\\\/\",\"name\":\"Affiche Ab\u00e9c\u00e9daire Personnalis\u00e9e - Happypotame\",\"isPartOf\":{\"@id\":\"https:\\\/\\\/happypotame.com\\\/#website\"},\"primaryImageOfPage\":{\"@id\":\"https:\\\/\\\/happypotame.com\\\/index.php\\\/produit\\\/abecedaire-personnalise\\\/#primaryimage\"},\"image\":{\"@id\":\"https:\\\/\\\/happypotame.com\\\/index.php\\\/produit\\\/abecedaire-personnalise\\\/#primaryimage\"},\"thumbnailUrl\":\"https:\\\/\\\/happypotame.com\\\/wp-content\\\/uploads\\\/2022\\\/10\\\/Abecedaire_Happypotame_personnalisable_A3.png\",\"datePublished\":\"2022-10-22T15:20:59+00:00\",\"dateModified\":\"2024-02-05T09:44:39+00:00\",\"description\":\"Une affiche ab\u00e9c\u00e9daire personnalis\u00e9 avec le pr\u00e9nom de votre enfant pour lui apprendre les animaux de la for\u00eat, de la savane, de la jungle, de l'oc\u00e9an\u2026\",\"breadcrumb\":{\"@id\":\"https:\\\/\\\/happypotame.com\\\/index.php\\\/produit\\\/abecedaire-personnalise\\\/#breadcrumb\"},\"inLanguage\":\"fr-FR\",\"potentialAction\":[{\"@type\":\"ReadAction\",\"target\":[\"https:\\\/\\\/happypotame.com\\\/index.php\\\/produit\\\/abecedaire-personnalise\\\/\"]}]},{\"@type\":\"ImageObject\",\"inLanguage\":\"fr-FR\",\"@id\":\"https:\\\/\\\/happypotame.com\\\/index.php\\\/produit\\\/abecedaire-personnalise\\\/#primaryimage\",\"url\":\"https:\\\/\\\/happypotame.com\\\/wp-content\\\/uploads\\\/2022\\\/10\\\/Abecedaire_Happypotame_personnalisable_A3.png\",\"contentUrl\":\"https:\\\/\\\/happypotame.com\\\/wp-content\\\/uploads\\\/2022\\\/10\\\/Abecedaire_Happypotame_personnalisable_A3.png\",\"width\":3508,\"height\":4961,\"caption\":\"Affiche Ab\u00e9c\u00e9daire Personnalis\u00e9e avec pr\u00e9nom\"},{\"@type\":\"BreadcrumbList\",\"@id\":\"https:\\\/\\\/happypotame.com\\\/index.php\\\/produit\\\/abecedaire-personnalise\\\/#breadcrumb\",\"itemListElement\":[{\"@type\":\"ListItem\",\"position\":1,\"name\":\"Accueil\",\"item\":\"https:\\\/\\\/happypotame.com\\\/\"},{\"@type\":\"ListItem\",\"position\":2,\"name\":\"Boutique\",\"item\":\"https:\\\/\\\/happypotame.com\\\/index.php\\\/boutique\\\/\"},{\"@type\":\"ListItem\",\"position\":3,\"name\":\"Ab\u00e9c\u00e9daire personnalis\u00e9\"}]},{\"@type\":\"WebSite\",\"@id\":\"https:\\\/\\\/happypotame.com\\\/#website\",\"url\":\"https:\\\/\\\/happypotame.com\\\/\",\"name\":\"Happypotame\",\"description\":\"\",\"publisher\":{\"@id\":\"https:\\\/\\\/happypotame.com\\\/#organization\"},\"potentialAction\":[{\"@type\":\"SearchAction\",\"target\":{\"@type\":\"EntryPoint\",\"urlTemplate\":\"https:\\\/\\\/happypotame.com\\\/?s={search_term_string}\"},\"query-input\":{\"@type\":\"PropertyValueSpecification\",\"valueRequired\":true,\"valueName\":\"search_term_string\"}}],\"inLanguage\":\"fr-FR\"},{\"@type\":\"Organization\",\"@id\":\"https:\\\/\\\/happypotame.com\\\/#organization\",\"name\":\"Happypotame\",\"url\":\"https:\\\/\\\/happypotame.com\\\/\",\"logo\":{\"@type\":\"ImageObject\",\"inLanguage\":\"fr-FR\",\"@id\":\"https:\\\/\\\/happypotame.com\\\/#\\\/schema\\\/logo\\\/image\\\/\",\"url\":\"https:\\\/\\\/happypotame.com\\\/wp-content\\\/uploads\\\/2022\\\/03\\\/cropped-Logo_Happypotame_vertical.png\",\"contentUrl\":\"https:\\\/\\\/happypotame.com\\\/wp-content\\\/uploads\\\/2022\\\/03\\\/cropped-Logo_Happypotame_vertical.png\",\"width\":4538,\"height\":945,\"caption\":\"Happypotame\"},\"image\":{\"@id\":\"https:\\\/\\\/happypotame.com\\\/#\\\/schema\\\/logo\\\/image\\\/\"},\"sameAs\":[\"https:\\\/\\\/www.instagram.com\\\/happypotame\\\/?hl=fr\"]}]}<\/script>\n<!-- \/ Yoast SEO plugin. -->","yoast_head_json":{"title":"Affiche Ab\u00e9c\u00e9daire Personnalis\u00e9e - Happypotame","description":"Une affiche ab\u00e9c\u00e9daire personnalis\u00e9 avec le pr\u00e9nom de votre enfant pour lui apprendre les animaux de la for\u00eat, de la savane, de la jungle, de l'oc\u00e9an\u2026","robots":{"index":"index","follow":"follow","max-snippet":"max-snippet:-1","max-image-preview":"max-image-preview:large","max-video-preview":"max-video-preview:-1"},"canonical":"https:\/\/happypotame.com\/index.php\/produit\/abecedaire-personnalise\/","og_locale":"fr_FR","og_type":"article","og_title":"Affiche Ab\u00e9c\u00e9daire Personnalis\u00e9e - Happypotame","og_description":"Une affiche ab\u00e9c\u00e9daire personnalis\u00e9 avec le pr\u00e9nom de votre enfant pour lui apprendre les animaux de la for\u00eat, de la savane, de la jungle, de l'oc\u00e9an\u2026","og_url":"https:\/\/happypotame.com\/index.php\/produit\/abecedaire-personnalise\/","og_site_name":"Happypotame","article_modified_time":"2024-02-05T09:44:39+00:00","og_image":[{"width":724,"height":1024,"url":"https:\/\/happypotame.com\/wp-content\/uploads\/2022\/10\/Abecedaire_Happypotame_personnalisable_A3-724x1024.png","type":"image\/png"}],"twitter_card":"summary_large_image","twitter_misc":{"Dur\u00e9e de lecture estim\u00e9e":"3 minutes"},"schema":{"@context":"https:\/\/schema.org","@graph":[{"@type":"WebPage","@id":"https:\/\/happypotame.com\/index.php\/produit\/abecedaire-personnalise\/","url":"https:\/\/happypotame.com\/index.php\/produit\/abecedaire-personnalise\/","name":"Affiche Ab\u00e9c\u00e9daire Personnalis\u00e9e - Happypotame","isPartOf":{"@id":"https:\/\/happypotame.com\/#website"},"primaryImageOfPage":{"@id":"https:\/\/happypotame.com\/index.php\/produit\/abecedaire-personnalise\/#primaryimage"},"image":{"@id":"https:\/\/happypotame.com\/index.php\/produit\/abecedaire-personnalise\/#primaryimage"},"thumbnailUrl":"https:\/\/happypotame.com\/wp-content\/uploads\/2022\/10\/Abecedaire_Happypotame_personnalisable_A3.png","datePublished":"2022-10-22T15:20:59+00:00","dateModified":"2024-02-05T09:44:39+00:00","description":"Une affiche ab\u00e9c\u00e9daire personnalis\u00e9 avec le pr\u00e9nom de votre enfant pour lui apprendre les animaux de la for\u00eat, de la savane, de la jungle, de l'oc\u00e9an\u2026","breadcrumb":{"@id":"https:\/\/happypotame.com\/index.php\/produit\/abecedaire-personnalise\/#breadcrumb"},"inLanguage":"fr-FR","potentialAction":[{"@type":"ReadAction","target":["https:\/\/happypotame.com\/index.php\/produit\/abecedaire-personnalise\/"]}]},{"@type":"ImageObject","inLanguage":"fr-FR","@id":"https:\/\/happypotame.com\/index.php\/produit\/abecedaire-personnalise\/#primaryimage","url":"https:\/\/happypotame.com\/wp-content\/uploads\/2022\/10\/Abecedaire_Happypotame_personnalisable_A3.png","contentUrl":"https:\/\/happypotame.com\/wp-content\/uploads\/2022\/10\/Abecedaire_Happypotame_personnalisable_A3.png","width":3508,"height":4961,"caption":"Affiche Ab\u00e9c\u00e9daire Personnalis\u00e9e avec pr\u00e9nom"},{"@type":"BreadcrumbList","@id":"https:\/\/happypotame.com\/index.php\/produit\/abecedaire-personnalise\/#breadcrumb","itemListElement":[{"@type":"ListItem","position":1,"name":"Accueil","item":"https:\/\/happypotame.com\/"},{"@type":"ListItem","position":2,"name":"Boutique","item":"https:\/\/happypotame.com\/index.php\/boutique\/"},{"@type":"ListItem","position":3,"name":"Ab\u00e9c\u00e9daire personnalis\u00e9"}]},{"@type":"WebSite","@id":"https:\/\/happypotame.com\/#website","url":"https:\/\/happypotame.com\/","name":"Happypotame","description":"","publisher":{"@id":"https:\/\/happypotame.com\/#organization"},"potentialAction":[{"@type":"SearchAction","target":{"@type":"EntryPoint","urlTemplate":"https:\/\/happypotame.com\/?s={search_term_string}"},"query-input":{"@type":"PropertyValueSpecification","valueRequired":true,"valueName":"search_term_string"}}],"inLanguage":"fr-FR"},{"@type":"Organization","@id":"https:\/\/happypotame.com\/#organization","name":"Happypotame","url":"https:\/\/happypotame.com\/","logo":{"@type":"ImageObject","inLanguage":"fr-FR","@id":"https:\/\/happypotame.com\/#\/schema\/logo\/image\/","url":"https:\/\/happypotame.com\/wp-content\/uploads\/2022\/03\/cropped-Logo_Happypotame_vertical.png","contentUrl":"https:\/\/happypotame.com\/wp-content\/uploads\/2022\/03\/cropped-Logo_Happypotame_vertical.png","width":4538,"height":945,"caption":"Happypotame"},"image":{"@id":"https:\/\/happypotame.com\/#\/schema\/logo\/image\/"},"sameAs":["https:\/\/www.instagram.com\/happypotame\/?hl=fr"]}]}},"_links":{"self":[{"href":"https:\/\/happypotame.com\/index.php\/wp-json\/wp\/v2\/product\/2089","targetHints":{"allow":["GET"]}}],"collection":[{"href":"https:\/\/happypotame.com\/index.php\/wp-json\/wp\/v2\/product"}],"about":[{"href":"https:\/\/happypotame.com\/index.php\/wp-json\/wp\/v2\/types\/product"}],"wp:featuredmedia":[{"embeddable":true,"href":"https:\/\/happypotame.com\/index.php\/wp-json\/wp\/v2\/media\/2091"}],"wp:attachment":[{"href":"https:\/\/happypotame.com\/index.php\/wp-json\/wp\/v2\/media?parent=2089"}],"wp:term":[{"taxonomy":"product_brand","embeddable":true,"href":"https:\/\/happypotame.com\/index.php\/wp-json\/wp\/v2\/product_brand?post=2089"},{"taxonomy":"product_cat","embeddable":true,"href":"https:\/\/happypotame.com\/index.php\/wp-json\/wp\/v2\/product_cat?post=2089"},{"taxonomy":"product_tag","embeddable":true,"href":"https:\/\/happypotame.com\/index.php\/wp-json\/wp\/v2\/product_tag?post=2089"}],"curies":[{"name":"wp","href":"https:\/\/api.w.org\/{rel}","templated":true}]}}