{"id":3661,"date":"2025-11-13T13:25:47","date_gmt":"2025-11-13T12:25:47","guid":{"rendered":"https:\/\/happypotame.com\/?post_type=product&#038;p=3661"},"modified":"2025-11-17T08:04:46","modified_gmt":"2025-11-17T07:04:46","slug":"carte-rouge-noel-ca-me-botte","status":"publish","type":"product","link":"https:\/\/happypotame.com\/index.php\/produit\/carte-rouge-noel-ca-me-botte\/","title":{"rendered":"Carte \u00ab\u00a0No\u00ebl \u00e7a me botte\u00a0\u00bb rouge"},"content":{"rendered":"<p class=\"p1\">Cette carte postale est imprim\u00e9e sur un papier de cr\u00e9ation 300g par Clo\u00eetre Imprimeurs, en Bretagne, \u00e0 St-Thonan plus exactement.<br \/>\nVous pouvez compl\u00e9ter votre achat avec une enveloppe kraft (onglet \u00ab\u00a0autres produits\u00a0\u00bb du menu de notre site).<\/p>\n<div class=\"gs\">\n<div class=\"\">\n<div id=\":46k\" class=\"ii gt\">\n<div id=\":3cn\" class=\"a3s aiL \">\n<p data-start=\"495\" data-end=\"826\">Avec son clin d\u2019\u0153il plein d\u2019humour et sa botte de P\u00e8re No\u00ebl bien garnie, la carte <strong data-start=\"577\" data-end=\"601\">\u00ab No\u00ebl \u00e7a me botte \u00bb<\/strong> est une d\u00e9claration d\u2019amour \u00e0 la magie des f\u00eates \u2014 version d\u00e9cal\u00e9e !<br data-start=\"670\" data-end=\"673\" \/>Graphique, joyeuse et un brin impertinente, elle s\u2019adresse \u00e0 celles et ceux qui aiment les f\u00eates avec un soup\u00e7on de malice et beaucoup de bonne humeur.<\/p>\n<p data-start=\"828\" data-end=\"1117\">Entre la tradition du cadeau et la touche piquante Happypotame, cette carte apporte le parfait \u00e9quilibre entre <em data-start=\"939\" data-end=\"955\">esprit de No\u00ebl<\/em> et <em data-start=\"959\" data-end=\"973\">second degr\u00e9<\/em>.<br data-start=\"974\" data-end=\"977\" \/>\u00c0 envoyer \u00e0 vos proches, \u00e0 accrocher sur un mur ou \u00e0 glisser dans une botte justement \u2014 elle mettra tout le monde dans le bon mood festif.<\/p>\n<\/div>\n<\/div>\n<\/div>\n<\/div>\n","protected":false},"excerpt":{"rendered":"<p class=\"p1\">Avec sa botte de P\u00e8re No\u00ebl et son jeu de mots joyeux, cette carte fera craquer les amateurs d\u2019humour (et de f\u00eates bien bott\u00e9es).<br \/>\n\u00c0 offrir, envoyer, encadrer, \u00e9pingler, aimanter, scotcher\u2026 sans mod\u00e9ration !<\/p>\n<p class=\"p1\">Carte format 10&#215;15 cm.<br \/>\nCr\u00e9\u00e9e et imprim\u00e9e en France. Pure beurre Bzh !<br \/>\nVous pouvez compl\u00e9ter votre achat avec notre enveloppe kraft.<\/p>\n","protected":false},"featured_media":3662,"template":"","meta":[],"product_brand":[],"product_cat":[110,128,154],"product_tag":[],"class_list":{"0":"post-3661","1":"product","2":"type-product","3":"status-publish","4":"has-post-thumbnail","6":"product_cat-cartes-postales","7":"product_cat-evenements","8":"product_cat-noel-et-nouvel-an","10":"first","11":"instock","12":"shipping-taxable","13":"purchasable","14":"product-type-simple"},"yoast_head":"<!-- This site is optimized with the Yoast SEO plugin v27.4 - https:\/\/yoast.com\/product\/yoast-seo-wordpress\/ -->\n<title>Carte &quot;No\u00ebl \u00e7a me botte&quot; rouge - Happypotame<\/title>\n<meta name=\"description\" content=\"Carte postale \u00ab No\u00ebl \u00e7a me botte \u00bb. Jeu de mots joyeux et design festif pour un No\u00ebl plein d\u2019humour et de bonne humeur ! Impression fran\u00e7aise.\" \/>\n<meta name=\"robots\" content=\"index, follow, max-snippet:-1, max-image-preview:large, max-video-preview:-1\" \/>\n<link rel=\"canonical\" href=\"https:\/\/happypotame.com\/index.php\/produit\/carte-rouge-noel-ca-me-botte\/\" \/>\n<meta property=\"og:locale\" content=\"fr_FR\" \/>\n<meta property=\"og:type\" content=\"article\" \/>\n<meta property=\"og:title\" content=\"Carte &quot;No\u00ebl \u00e7a me botte&quot; rouge - Happypotame\" \/>\n<meta property=\"og:description\" content=\"Carte postale \u00ab No\u00ebl \u00e7a me botte \u00bb. Jeu de mots joyeux et design festif pour un No\u00ebl plein d\u2019humour et de bonne humeur ! Impression fran\u00e7aise.\" \/>\n<meta property=\"og:url\" content=\"https:\/\/happypotame.com\/index.php\/produit\/carte-rouge-noel-ca-me-botte\/\" \/>\n<meta property=\"og:site_name\" content=\"Happypotame\" \/>\n<meta property=\"article:modified_time\" content=\"2025-11-17T07:04:46+00:00\" \/>\n<meta property=\"og:image\" content=\"https:\/\/happypotame.com\/wp-content\/uploads\/2025\/11\/Carte_postale_situation_NOEL-scaled.png\" \/>\n\t<meta property=\"og:image:width\" content=\"1810\" \/>\n\t<meta property=\"og:image:height\" content=\"2560\" \/>\n\t<meta property=\"og:image:type\" content=\"image\/png\" \/>\n<meta name=\"twitter:card\" content=\"summary_large_image\" \/>\n<meta name=\"twitter:label1\" content=\"Dur\u00e9e de lecture estim\u00e9e\" \/>\n\t<meta name=\"twitter:data1\" content=\"1 minute\" \/>\n<script type=\"application\/ld+json\" class=\"yoast-schema-graph\">{\"@context\":\"https:\\\/\\\/schema.org\",\"@graph\":[{\"@type\":\"WebPage\",\"@id\":\"https:\\\/\\\/happypotame.com\\\/index.php\\\/produit\\\/carte-rouge-noel-ca-me-botte\\\/\",\"url\":\"https:\\\/\\\/happypotame.com\\\/index.php\\\/produit\\\/carte-rouge-noel-ca-me-botte\\\/\",\"name\":\"Carte \\\"No\u00ebl \u00e7a me botte\\\" rouge - Happypotame\",\"isPartOf\":{\"@id\":\"https:\\\/\\\/happypotame.com\\\/#website\"},\"primaryImageOfPage\":{\"@id\":\"https:\\\/\\\/happypotame.com\\\/index.php\\\/produit\\\/carte-rouge-noel-ca-me-botte\\\/#primaryimage\"},\"image\":{\"@id\":\"https:\\\/\\\/happypotame.com\\\/index.php\\\/produit\\\/carte-rouge-noel-ca-me-botte\\\/#primaryimage\"},\"thumbnailUrl\":\"https:\\\/\\\/happypotame.com\\\/wp-content\\\/uploads\\\/2025\\\/11\\\/Carte_postale_situation_NOEL-scaled.png\",\"datePublished\":\"2025-11-13T12:25:47+00:00\",\"dateModified\":\"2025-11-17T07:04:46+00:00\",\"description\":\"Carte postale \u00ab No\u00ebl \u00e7a me botte \u00bb. Jeu de mots joyeux et design festif pour un No\u00ebl plein d\u2019humour et de bonne humeur ! Impression fran\u00e7aise.\",\"breadcrumb\":{\"@id\":\"https:\\\/\\\/happypotame.com\\\/index.php\\\/produit\\\/carte-rouge-noel-ca-me-botte\\\/#breadcrumb\"},\"inLanguage\":\"fr-FR\",\"potentialAction\":[{\"@type\":\"ReadAction\",\"target\":[\"https:\\\/\\\/happypotame.com\\\/index.php\\\/produit\\\/carte-rouge-noel-ca-me-botte\\\/\"]}]},{\"@type\":\"ImageObject\",\"inLanguage\":\"fr-FR\",\"@id\":\"https:\\\/\\\/happypotame.com\\\/index.php\\\/produit\\\/carte-rouge-noel-ca-me-botte\\\/#primaryimage\",\"url\":\"https:\\\/\\\/happypotame.com\\\/wp-content\\\/uploads\\\/2025\\\/11\\\/Carte_postale_situation_NOEL-scaled.png\",\"contentUrl\":\"https:\\\/\\\/happypotame.com\\\/wp-content\\\/uploads\\\/2025\\\/11\\\/Carte_postale_situation_NOEL-scaled.png\",\"width\":1810,\"height\":2560},{\"@type\":\"BreadcrumbList\",\"@id\":\"https:\\\/\\\/happypotame.com\\\/index.php\\\/produit\\\/carte-rouge-noel-ca-me-botte\\\/#breadcrumb\",\"itemListElement\":[{\"@type\":\"ListItem\",\"position\":1,\"name\":\"Accueil\",\"item\":\"https:\\\/\\\/happypotame.com\\\/\"},{\"@type\":\"ListItem\",\"position\":2,\"name\":\"Boutique\",\"item\":\"https:\\\/\\\/happypotame.com\\\/index.php\\\/boutique\\\/\"},{\"@type\":\"ListItem\",\"position\":3,\"name\":\"Carte \u00ab\u00a0No\u00ebl \u00e7a me botte\u00a0\u00bb rouge\"}]},{\"@type\":\"WebSite\",\"@id\":\"https:\\\/\\\/happypotame.com\\\/#website\",\"url\":\"https:\\\/\\\/happypotame.com\\\/\",\"name\":\"Happypotame\",\"description\":\"\",\"publisher\":{\"@id\":\"https:\\\/\\\/happypotame.com\\\/#organization\"},\"potentialAction\":[{\"@type\":\"SearchAction\",\"target\":{\"@type\":\"EntryPoint\",\"urlTemplate\":\"https:\\\/\\\/happypotame.com\\\/?s={search_term_string}\"},\"query-input\":{\"@type\":\"PropertyValueSpecification\",\"valueRequired\":true,\"valueName\":\"search_term_string\"}}],\"inLanguage\":\"fr-FR\"},{\"@type\":\"Organization\",\"@id\":\"https:\\\/\\\/happypotame.com\\\/#organization\",\"name\":\"Happypotame\",\"url\":\"https:\\\/\\\/happypotame.com\\\/\",\"logo\":{\"@type\":\"ImageObject\",\"inLanguage\":\"fr-FR\",\"@id\":\"https:\\\/\\\/happypotame.com\\\/#\\\/schema\\\/logo\\\/image\\\/\",\"url\":\"https:\\\/\\\/happypotame.com\\\/wp-content\\\/uploads\\\/2022\\\/03\\\/cropped-Logo_Happypotame_vertical.png\",\"contentUrl\":\"https:\\\/\\\/happypotame.com\\\/wp-content\\\/uploads\\\/2022\\\/03\\\/cropped-Logo_Happypotame_vertical.png\",\"width\":4538,\"height\":945,\"caption\":\"Happypotame\"},\"image\":{\"@id\":\"https:\\\/\\\/happypotame.com\\\/#\\\/schema\\\/logo\\\/image\\\/\"},\"sameAs\":[\"https:\\\/\\\/www.instagram.com\\\/happypotame\\\/?hl=fr\"]}]}<\/script>\n<!-- \/ Yoast SEO plugin. -->","yoast_head_json":{"title":"Carte \"No\u00ebl \u00e7a me botte\" rouge - Happypotame","description":"Carte postale \u00ab No\u00ebl \u00e7a me botte \u00bb. Jeu de mots joyeux et design festif pour un No\u00ebl plein d\u2019humour et de bonne humeur ! Impression fran\u00e7aise.","robots":{"index":"index","follow":"follow","max-snippet":"max-snippet:-1","max-image-preview":"max-image-preview:large","max-video-preview":"max-video-preview:-1"},"canonical":"https:\/\/happypotame.com\/index.php\/produit\/carte-rouge-noel-ca-me-botte\/","og_locale":"fr_FR","og_type":"article","og_title":"Carte \"No\u00ebl \u00e7a me botte\" rouge - Happypotame","og_description":"Carte postale \u00ab No\u00ebl \u00e7a me botte \u00bb. Jeu de mots joyeux et design festif pour un No\u00ebl plein d\u2019humour et de bonne humeur ! Impression fran\u00e7aise.","og_url":"https:\/\/happypotame.com\/index.php\/produit\/carte-rouge-noel-ca-me-botte\/","og_site_name":"Happypotame","article_modified_time":"2025-11-17T07:04:46+00:00","og_image":[{"width":1810,"height":2560,"url":"https:\/\/happypotame.com\/wp-content\/uploads\/2025\/11\/Carte_postale_situation_NOEL-scaled.png","type":"image\/png"}],"twitter_card":"summary_large_image","twitter_misc":{"Dur\u00e9e de lecture estim\u00e9e":"1 minute"},"schema":{"@context":"https:\/\/schema.org","@graph":[{"@type":"WebPage","@id":"https:\/\/happypotame.com\/index.php\/produit\/carte-rouge-noel-ca-me-botte\/","url":"https:\/\/happypotame.com\/index.php\/produit\/carte-rouge-noel-ca-me-botte\/","name":"Carte \"No\u00ebl \u00e7a me botte\" rouge - Happypotame","isPartOf":{"@id":"https:\/\/happypotame.com\/#website"},"primaryImageOfPage":{"@id":"https:\/\/happypotame.com\/index.php\/produit\/carte-rouge-noel-ca-me-botte\/#primaryimage"},"image":{"@id":"https:\/\/happypotame.com\/index.php\/produit\/carte-rouge-noel-ca-me-botte\/#primaryimage"},"thumbnailUrl":"https:\/\/happypotame.com\/wp-content\/uploads\/2025\/11\/Carte_postale_situation_NOEL-scaled.png","datePublished":"2025-11-13T12:25:47+00:00","dateModified":"2025-11-17T07:04:46+00:00","description":"Carte postale \u00ab No\u00ebl \u00e7a me botte \u00bb. Jeu de mots joyeux et design festif pour un No\u00ebl plein d\u2019humour et de bonne humeur ! Impression fran\u00e7aise.","breadcrumb":{"@id":"https:\/\/happypotame.com\/index.php\/produit\/carte-rouge-noel-ca-me-botte\/#breadcrumb"},"inLanguage":"fr-FR","potentialAction":[{"@type":"ReadAction","target":["https:\/\/happypotame.com\/index.php\/produit\/carte-rouge-noel-ca-me-botte\/"]}]},{"@type":"ImageObject","inLanguage":"fr-FR","@id":"https:\/\/happypotame.com\/index.php\/produit\/carte-rouge-noel-ca-me-botte\/#primaryimage","url":"https:\/\/happypotame.com\/wp-content\/uploads\/2025\/11\/Carte_postale_situation_NOEL-scaled.png","contentUrl":"https:\/\/happypotame.com\/wp-content\/uploads\/2025\/11\/Carte_postale_situation_NOEL-scaled.png","width":1810,"height":2560},{"@type":"BreadcrumbList","@id":"https:\/\/happypotame.com\/index.php\/produit\/carte-rouge-noel-ca-me-botte\/#breadcrumb","itemListElement":[{"@type":"ListItem","position":1,"name":"Accueil","item":"https:\/\/happypotame.com\/"},{"@type":"ListItem","position":2,"name":"Boutique","item":"https:\/\/happypotame.com\/index.php\/boutique\/"},{"@type":"ListItem","position":3,"name":"Carte \u00ab\u00a0No\u00ebl \u00e7a me botte\u00a0\u00bb rouge"}]},{"@type":"WebSite","@id":"https:\/\/happypotame.com\/#website","url":"https:\/\/happypotame.com\/","name":"Happypotame","description":"","publisher":{"@id":"https:\/\/happypotame.com\/#organization"},"potentialAction":[{"@type":"SearchAction","target":{"@type":"EntryPoint","urlTemplate":"https:\/\/happypotame.com\/?s={search_term_string}"},"query-input":{"@type":"PropertyValueSpecification","valueRequired":true,"valueName":"search_term_string"}}],"inLanguage":"fr-FR"},{"@type":"Organization","@id":"https:\/\/happypotame.com\/#organization","name":"Happypotame","url":"https:\/\/happypotame.com\/","logo":{"@type":"ImageObject","inLanguage":"fr-FR","@id":"https:\/\/happypotame.com\/#\/schema\/logo\/image\/","url":"https:\/\/happypotame.com\/wp-content\/uploads\/2022\/03\/cropped-Logo_Happypotame_vertical.png","contentUrl":"https:\/\/happypotame.com\/wp-content\/uploads\/2022\/03\/cropped-Logo_Happypotame_vertical.png","width":4538,"height":945,"caption":"Happypotame"},"image":{"@id":"https:\/\/happypotame.com\/#\/schema\/logo\/image\/"},"sameAs":["https:\/\/www.instagram.com\/happypotame\/?hl=fr"]}]}},"_links":{"self":[{"href":"https:\/\/happypotame.com\/index.php\/wp-json\/wp\/v2\/product\/3661","targetHints":{"allow":["GET"]}}],"collection":[{"href":"https:\/\/happypotame.com\/index.php\/wp-json\/wp\/v2\/product"}],"about":[{"href":"https:\/\/happypotame.com\/index.php\/wp-json\/wp\/v2\/types\/product"}],"wp:featuredmedia":[{"embeddable":true,"href":"https:\/\/happypotame.com\/index.php\/wp-json\/wp\/v2\/media\/3662"}],"wp:attachment":[{"href":"https:\/\/happypotame.com\/index.php\/wp-json\/wp\/v2\/media?parent=3661"}],"wp:term":[{"taxonomy":"product_brand","embeddable":true,"href":"https:\/\/happypotame.com\/index.php\/wp-json\/wp\/v2\/product_brand?post=3661"},{"taxonomy":"product_cat","embeddable":true,"href":"https:\/\/happypotame.com\/index.php\/wp-json\/wp\/v2\/product_cat?post=3661"},{"taxonomy":"product_tag","embeddable":true,"href":"https:\/\/happypotame.com\/index.php\/wp-json\/wp\/v2\/product_tag?post=3661"}],"curies":[{"name":"wp","href":"https:\/\/api.w.org\/{rel}","templated":true}]}}