{"id":3740,"date":"2026-03-05T08:26:17","date_gmt":"2026-03-05T07:26:17","guid":{"rendered":"https:\/\/happypotame.com\/?post_type=product&#038;p=3740"},"modified":"2026-03-07T18:28:31","modified_gmt":"2026-03-07T17:28:31","slug":"affiche-zodiaque-balance","status":"publish","type":"product","link":"https:\/\/happypotame.com\/index.php\/produit\/affiche-zodiaque-balance\/","title":{"rendered":"Affiche zodiaque \u00ab\u00a0Balance\u00a0\u00bb"},"content":{"rendered":"<p data-start=\"327\" data-end=\"438\"><strong data-start=\"327\" data-end=\"438\">Affiche cr\u00e9\u00e9e et imprim\u00e9e en France sur format A3, papier blanc 250g.<br data-start=\"398\" data-end=\"401\" \/>Envoy\u00e9e avec ou sans porte-affiche.<\/strong><\/p>\n<p data-start=\"5167\" data-end=\"5338\">Harmonieuse et d\u00e9licate, l\u2019affiche Balance c\u00e9l\u00e8bre l\u2019\u00e9quilibre, la justice et le sens du beau.<br data-start=\"5261\" data-end=\"5264\" \/>Un clin d\u2019\u0153il aux funambules du c\u0153ur, toujours entre \u00e9l\u00e9gance et justesse.<\/p>\n<p data-start=\"5340\" data-end=\"5401\">Une affiche id\u00e9ale pour cr\u00e9er une ambiance douce et raffin\u00e9e.<\/p>\n","protected":false},"excerpt":{"rendered":"<p class=\"p1\">Une affiche pleine d\u2019\u00e9quilibre et de douceur.<br data-start=\"5594\" data-end=\"5597\" \/>Parfaite \u00e0 offrir pour les anniversaires des <strong data-start=\"5642\" data-end=\"5653\">Balance<\/strong> !<\/p>\n<p>Format A3 (29,7&#215;42 cm).<br \/>\nCr\u00e9\u00e9e et imprim\u00e9 en France. Pure beurre Bzh !<br \/>\nPorte-affiche non inclus, disponible dans notre boutique.<\/p>\n","protected":false},"featured_media":3743,"template":"","meta":[],"product_brand":[],"product_cat":[159,158],"product_tag":[],"class_list":{"0":"post-3740","1":"product","2":"type-product","3":"status-publish","4":"has-post-thumbnail","6":"product_cat-collection_zodiaque","7":"product_cat-toutes-les-affiches","9":"first","10":"instock","11":"shipping-taxable","12":"purchasable","13":"product-type-simple"},"yoast_head":"<!-- This site is optimized with the Yoast SEO plugin v27.4 - https:\/\/yoast.com\/product\/yoast-seo-wordpress\/ -->\n<title>Affiche \u201cEn Bretagne, on s&#039;tape des bars\u201d - Happypotame<\/title>\n<meta name=\"description\" content=\"Affiche signe Balance. Une d\u00e9co murale \u00e9l\u00e9gante et harmonieuse. Format A3, impression fran\u00e7aise sur papier 250g.\" \/>\n<meta name=\"robots\" content=\"index, follow, max-snippet:-1, max-image-preview:large, max-video-preview:-1\" \/>\n<link rel=\"canonical\" href=\"https:\/\/happypotame.com\/index.php\/produit\/affiche-zodiaque-balance\/\" \/>\n<meta property=\"og:locale\" content=\"fr_FR\" \/>\n<meta property=\"og:type\" content=\"article\" \/>\n<meta property=\"og:title\" content=\"Affiche \u201cEn Bretagne, on s&#039;tape des bars\u201d - Happypotame\" \/>\n<meta property=\"og:description\" content=\"Affiche signe Balance. Une d\u00e9co murale \u00e9l\u00e9gante et harmonieuse. Format A3, impression fran\u00e7aise sur papier 250g.\" \/>\n<meta property=\"og:url\" content=\"https:\/\/happypotame.com\/index.php\/produit\/affiche-zodiaque-balance\/\" \/>\n<meta property=\"og:site_name\" content=\"Happypotame\" \/>\n<meta property=\"article:modified_time\" content=\"2026-03-07T17:28:31+00:00\" \/>\n<meta property=\"og:image\" content=\"https:\/\/happypotame.com\/wp-content\/uploads\/2026\/03\/Affiches_zodiaque_A37-2.png\" \/>\n\t<meta property=\"og:image:width\" content=\"1\" \/>\n\t<meta property=\"og:image:height\" content=\"1\" \/>\n\t<meta property=\"og:image:type\" content=\"image\/png\" \/>\n<meta name=\"twitter:card\" content=\"summary_large_image\" \/>\n<meta name=\"twitter:label1\" content=\"Dur\u00e9e de lecture estim\u00e9e\" \/>\n\t<meta name=\"twitter:data1\" content=\"1 minute\" \/>\n<script type=\"application\/ld+json\" class=\"yoast-schema-graph\">{\"@context\":\"https:\\\/\\\/schema.org\",\"@graph\":[{\"@type\":\"WebPage\",\"@id\":\"https:\\\/\\\/happypotame.com\\\/index.php\\\/produit\\\/affiche-zodiaque-balance\\\/\",\"url\":\"https:\\\/\\\/happypotame.com\\\/index.php\\\/produit\\\/affiche-zodiaque-balance\\\/\",\"name\":\"Affiche \u201cEn Bretagne, on s'tape des bars\u201d - Happypotame\",\"isPartOf\":{\"@id\":\"https:\\\/\\\/happypotame.com\\\/#website\"},\"primaryImageOfPage\":{\"@id\":\"https:\\\/\\\/happypotame.com\\\/index.php\\\/produit\\\/affiche-zodiaque-balance\\\/#primaryimage\"},\"image\":{\"@id\":\"https:\\\/\\\/happypotame.com\\\/index.php\\\/produit\\\/affiche-zodiaque-balance\\\/#primaryimage\"},\"thumbnailUrl\":\"https:\\\/\\\/happypotame.com\\\/wp-content\\\/uploads\\\/2026\\\/03\\\/Affiches_zodiaque_A37-2.png\",\"datePublished\":\"2026-03-05T07:26:17+00:00\",\"dateModified\":\"2026-03-07T17:28:31+00:00\",\"description\":\"Affiche signe Balance. Une d\u00e9co murale \u00e9l\u00e9gante et harmonieuse. Format A3, impression fran\u00e7aise sur papier 250g.\",\"breadcrumb\":{\"@id\":\"https:\\\/\\\/happypotame.com\\\/index.php\\\/produit\\\/affiche-zodiaque-balance\\\/#breadcrumb\"},\"inLanguage\":\"fr-FR\",\"potentialAction\":[{\"@type\":\"ReadAction\",\"target\":[\"https:\\\/\\\/happypotame.com\\\/index.php\\\/produit\\\/affiche-zodiaque-balance\\\/\"]}]},{\"@type\":\"ImageObject\",\"inLanguage\":\"fr-FR\",\"@id\":\"https:\\\/\\\/happypotame.com\\\/index.php\\\/produit\\\/affiche-zodiaque-balance\\\/#primaryimage\",\"url\":\"https:\\\/\\\/happypotame.com\\\/wp-content\\\/uploads\\\/2026\\\/03\\\/Affiches_zodiaque_A37-2.png\",\"contentUrl\":\"https:\\\/\\\/happypotame.com\\\/wp-content\\\/uploads\\\/2026\\\/03\\\/Affiches_zodiaque_A37-2.png\"},{\"@type\":\"BreadcrumbList\",\"@id\":\"https:\\\/\\\/happypotame.com\\\/index.php\\\/produit\\\/affiche-zodiaque-balance\\\/#breadcrumb\",\"itemListElement\":[{\"@type\":\"ListItem\",\"position\":1,\"name\":\"Accueil\",\"item\":\"https:\\\/\\\/happypotame.com\\\/\"},{\"@type\":\"ListItem\",\"position\":2,\"name\":\"Boutique\",\"item\":\"https:\\\/\\\/happypotame.com\\\/index.php\\\/boutique\\\/\"},{\"@type\":\"ListItem\",\"position\":3,\"name\":\"Affiche zodiaque \u00ab\u00a0Balance\u00a0\u00bb\"}]},{\"@type\":\"WebSite\",\"@id\":\"https:\\\/\\\/happypotame.com\\\/#website\",\"url\":\"https:\\\/\\\/happypotame.com\\\/\",\"name\":\"Happypotame\",\"description\":\"\",\"publisher\":{\"@id\":\"https:\\\/\\\/happypotame.com\\\/#organization\"},\"potentialAction\":[{\"@type\":\"SearchAction\",\"target\":{\"@type\":\"EntryPoint\",\"urlTemplate\":\"https:\\\/\\\/happypotame.com\\\/?s={search_term_string}\"},\"query-input\":{\"@type\":\"PropertyValueSpecification\",\"valueRequired\":true,\"valueName\":\"search_term_string\"}}],\"inLanguage\":\"fr-FR\"},{\"@type\":\"Organization\",\"@id\":\"https:\\\/\\\/happypotame.com\\\/#organization\",\"name\":\"Happypotame\",\"url\":\"https:\\\/\\\/happypotame.com\\\/\",\"logo\":{\"@type\":\"ImageObject\",\"inLanguage\":\"fr-FR\",\"@id\":\"https:\\\/\\\/happypotame.com\\\/#\\\/schema\\\/logo\\\/image\\\/\",\"url\":\"https:\\\/\\\/happypotame.com\\\/wp-content\\\/uploads\\\/2022\\\/03\\\/cropped-Logo_Happypotame_vertical.png\",\"contentUrl\":\"https:\\\/\\\/happypotame.com\\\/wp-content\\\/uploads\\\/2022\\\/03\\\/cropped-Logo_Happypotame_vertical.png\",\"width\":4538,\"height\":945,\"caption\":\"Happypotame\"},\"image\":{\"@id\":\"https:\\\/\\\/happypotame.com\\\/#\\\/schema\\\/logo\\\/image\\\/\"},\"sameAs\":[\"https:\\\/\\\/www.instagram.com\\\/happypotame\\\/?hl=fr\"]}]}<\/script>\n<!-- \/ Yoast SEO plugin. -->","yoast_head_json":{"title":"Affiche \u201cEn Bretagne, on s'tape des bars\u201d - Happypotame","description":"Affiche signe Balance. Une d\u00e9co murale \u00e9l\u00e9gante et harmonieuse. Format A3, impression fran\u00e7aise sur papier 250g.","robots":{"index":"index","follow":"follow","max-snippet":"max-snippet:-1","max-image-preview":"max-image-preview:large","max-video-preview":"max-video-preview:-1"},"canonical":"https:\/\/happypotame.com\/index.php\/produit\/affiche-zodiaque-balance\/","og_locale":"fr_FR","og_type":"article","og_title":"Affiche \u201cEn Bretagne, on s'tape des bars\u201d - Happypotame","og_description":"Affiche signe Balance. Une d\u00e9co murale \u00e9l\u00e9gante et harmonieuse. Format A3, impression fran\u00e7aise sur papier 250g.","og_url":"https:\/\/happypotame.com\/index.php\/produit\/affiche-zodiaque-balance\/","og_site_name":"Happypotame","article_modified_time":"2026-03-07T17:28:31+00:00","og_image":[{"url":"https:\/\/happypotame.com\/wp-content\/uploads\/2026\/03\/Affiches_zodiaque_A37-2.png","width":1,"height":1,"type":"image\/png"}],"twitter_card":"summary_large_image","twitter_misc":{"Dur\u00e9e de lecture estim\u00e9e":"1 minute"},"schema":{"@context":"https:\/\/schema.org","@graph":[{"@type":"WebPage","@id":"https:\/\/happypotame.com\/index.php\/produit\/affiche-zodiaque-balance\/","url":"https:\/\/happypotame.com\/index.php\/produit\/affiche-zodiaque-balance\/","name":"Affiche \u201cEn Bretagne, on s'tape des bars\u201d - Happypotame","isPartOf":{"@id":"https:\/\/happypotame.com\/#website"},"primaryImageOfPage":{"@id":"https:\/\/happypotame.com\/index.php\/produit\/affiche-zodiaque-balance\/#primaryimage"},"image":{"@id":"https:\/\/happypotame.com\/index.php\/produit\/affiche-zodiaque-balance\/#primaryimage"},"thumbnailUrl":"https:\/\/happypotame.com\/wp-content\/uploads\/2026\/03\/Affiches_zodiaque_A37-2.png","datePublished":"2026-03-05T07:26:17+00:00","dateModified":"2026-03-07T17:28:31+00:00","description":"Affiche signe Balance. Une d\u00e9co murale \u00e9l\u00e9gante et harmonieuse. Format A3, impression fran\u00e7aise sur papier 250g.","breadcrumb":{"@id":"https:\/\/happypotame.com\/index.php\/produit\/affiche-zodiaque-balance\/#breadcrumb"},"inLanguage":"fr-FR","potentialAction":[{"@type":"ReadAction","target":["https:\/\/happypotame.com\/index.php\/produit\/affiche-zodiaque-balance\/"]}]},{"@type":"ImageObject","inLanguage":"fr-FR","@id":"https:\/\/happypotame.com\/index.php\/produit\/affiche-zodiaque-balance\/#primaryimage","url":"https:\/\/happypotame.com\/wp-content\/uploads\/2026\/03\/Affiches_zodiaque_A37-2.png","contentUrl":"https:\/\/happypotame.com\/wp-content\/uploads\/2026\/03\/Affiches_zodiaque_A37-2.png"},{"@type":"BreadcrumbList","@id":"https:\/\/happypotame.com\/index.php\/produit\/affiche-zodiaque-balance\/#breadcrumb","itemListElement":[{"@type":"ListItem","position":1,"name":"Accueil","item":"https:\/\/happypotame.com\/"},{"@type":"ListItem","position":2,"name":"Boutique","item":"https:\/\/happypotame.com\/index.php\/boutique\/"},{"@type":"ListItem","position":3,"name":"Affiche zodiaque \u00ab\u00a0Balance\u00a0\u00bb"}]},{"@type":"WebSite","@id":"https:\/\/happypotame.com\/#website","url":"https:\/\/happypotame.com\/","name":"Happypotame","description":"","publisher":{"@id":"https:\/\/happypotame.com\/#organization"},"potentialAction":[{"@type":"SearchAction","target":{"@type":"EntryPoint","urlTemplate":"https:\/\/happypotame.com\/?s={search_term_string}"},"query-input":{"@type":"PropertyValueSpecification","valueRequired":true,"valueName":"search_term_string"}}],"inLanguage":"fr-FR"},{"@type":"Organization","@id":"https:\/\/happypotame.com\/#organization","name":"Happypotame","url":"https:\/\/happypotame.com\/","logo":{"@type":"ImageObject","inLanguage":"fr-FR","@id":"https:\/\/happypotame.com\/#\/schema\/logo\/image\/","url":"https:\/\/happypotame.com\/wp-content\/uploads\/2022\/03\/cropped-Logo_Happypotame_vertical.png","contentUrl":"https:\/\/happypotame.com\/wp-content\/uploads\/2022\/03\/cropped-Logo_Happypotame_vertical.png","width":4538,"height":945,"caption":"Happypotame"},"image":{"@id":"https:\/\/happypotame.com\/#\/schema\/logo\/image\/"},"sameAs":["https:\/\/www.instagram.com\/happypotame\/?hl=fr"]}]}},"_links":{"self":[{"href":"https:\/\/happypotame.com\/index.php\/wp-json\/wp\/v2\/product\/3740","targetHints":{"allow":["GET"]}}],"collection":[{"href":"https:\/\/happypotame.com\/index.php\/wp-json\/wp\/v2\/product"}],"about":[{"href":"https:\/\/happypotame.com\/index.php\/wp-json\/wp\/v2\/types\/product"}],"wp:featuredmedia":[{"embeddable":true,"href":"https:\/\/happypotame.com\/index.php\/wp-json\/wp\/v2\/media\/3743"}],"wp:attachment":[{"href":"https:\/\/happypotame.com\/index.php\/wp-json\/wp\/v2\/media?parent=3740"}],"wp:term":[{"taxonomy":"product_brand","embeddable":true,"href":"https:\/\/happypotame.com\/index.php\/wp-json\/wp\/v2\/product_brand?post=3740"},{"taxonomy":"product_cat","embeddable":true,"href":"https:\/\/happypotame.com\/index.php\/wp-json\/wp\/v2\/product_cat?post=3740"},{"taxonomy":"product_tag","embeddable":true,"href":"https:\/\/happypotame.com\/index.php\/wp-json\/wp\/v2\/product_tag?post=3740"}],"curies":[{"name":"wp","href":"https:\/\/api.w.org\/{rel}","templated":true}]}}